e factors of 26909?
71, 379
What are the prime factors of 10053?
3, 1117
List the prime factors of 2291.
29, 79
List the prime factors of 8803.
8803
List the prime factors of 28855.
5, 29, 199
What are the prime factors of 49305?
3, 5, 19, 173
What are the prime factors of 125204?
2, 113, 277
What are the prime factors of 3364?
2, 29
List the prime factors of 24752.
2, 7, 13, 17
List the prime factors of 12548.
2, 3137
What are the prime factors of 41712?
2, 3, 11, 79
What are the prime factors of 72424?
2, 11, 823
What are the prime factors of 29473?
29473
What are the prime factors of 51170?
2, 5, 7, 17, 43
List the prime factors of 760.
2, 5, 19
What are the prime factors of 734?
2, 367
List the prime factors of 4854.
2, 3, 809
List the prime factors of 1158.
2, 3, 193
What are the prime factors of 24882?
2, 3, 11, 13, 29
List the prime factors of 20602.
2, 10301
What are the prime factors of 533?
13, 41
What are the prime factors of 193?
193
List the prime factors of 1477.
7, 211
List the prime factors of 3603.
3, 1201
List the prime factors of 1869.
3, 7, 89
What are the prime factors of 1072?
2, 67
List the prime factors of 191.
191
List the prime factors of 27266.
2, 13633
What are the prime factors of 1525?
5, 61
List the prime factors of 5045.
5, 1009
List the prime factors of 155532.
2, 3, 13, 997
List the prime factors of 561.
3, 11, 17
What are the prime factors of 1415?
5, 283
What are the prime factors of 65556?
2, 3, 607
List the prime factors of 3200.
2, 5
List the prime factors of 13371.
3, 4457
What are the prime factors of 742?
2, 7, 53
What are the prime factors of 220?
2, 5, 11
List the prime factors of 63345.
3, 5, 41, 103
What are the prime factors of 31597?
19, 1663
List the prime factors of 7028.
2, 7, 251
What are the prime factors of 22056?
2, 3, 919
What are the prime factors of 57671?
101, 571
What are the prime factors of 15?
3, 5
What are the prime factors of 17925?
3, 5, 239
What are the prime factors of 54065?
5, 11, 983
List the prime factors of 3927.
3, 7, 11, 17
List the prime factors of 2745.
3, 5, 61
What are the prime factors of 10829?
7, 13, 17
List the prime factors of 24948.
2, 3, 7, 11
What are the prime factors of 32555?
5, 17, 383
What are the prime factors of 4695?
3, 5, 313
List the prime factors of 3781.
19, 199
What are the prime factors of 71511?
3, 11, 197
What are the prime factors of 887?
887
What are the prime factors of 82?
2, 41
List the prime factors of 4576.
2, 11, 13
List the prime factors of 5202.
2, 3, 17
What are the prime factors of 8816?
2, 19, 29
What are the prime factors of 4534?
2, 2267
What are the prime factors of 9278?
2, 4639
What are the prime factors of 52483?
31, 1693
What are the prime factors of 66616?
2, 11, 757
List the prime factors of 21545.
5, 31, 139
What are the prime factors of 10679?
59, 181
List the prime factors of 1279.
1279
List the prime factors of 7967.
31, 257
List the prime factors of 2033.
19, 107
What are the prime factors of 17120?
2, 5, 107
List the prime factors of 15086.
2, 19, 397
What are the prime factors of 2582?
2, 1291
List the prime factors of 5618.
2, 53
What are the prime factors of 4550?
2, 5, 7, 13
List the prime factors of 32761.
181
What are the prime factors of 46158?
2, 3, 7, 157
List the prime factors of 414.
2, 3, 23
What are the prime factors of 8615?
5, 1723
What are the prime factors of 2659?
2659
What are the prime factors of 20622?
2, 3, 7, 491
List the prime factors of 5199.
3, 1733
List the prime factors of 22466.
2, 47, 239
List the prime factors of 57390.
2, 3, 5, 1913
List the prime factors of 567.
3, 7
List the prime factors of 1126.
2, 563
What are the prime factors of 20403?
3, 2267
What are the prime factors of 79287?
3, 13, 19, 107
What are the prime factors of 550?
2, 5, 11
What are the prime factors of 1339?
13, 103
What are the prime factors of 1552?
2, 97
List the prime factors of 5121.
3, 569
What are the prime factors of 3493?
7, 499
List the prime factors of 13651.
11, 17, 73
List the prime factors of 20710.
2, 5, 19, 109
What are the prime factors of 22891?
11, 2081
List the prime factors of 3378.
2, 3, 563
What are the prime factors of 974?
2, 487
What are the prime factors of 48789?
3, 13, 139
What are the prime factors of 787?
787
List the prime factors of 53923.
53923
List the prime factors of 674.
2, 337
List the prime factors of 101886.
2, 3, 16981
List the prime factors of 86739.
3, 29, 997
List the prime factors of 80211.
3, 26737
What are the prime factors of 6314?
2, 7, 11, 41
What are the prime factors of 11487?
3, 7, 547
List the prime factors of 137.
137
What are the prime factors of 77841?
3, 31
What are the prime factors of 48300?
2, 3, 5, 7, 23
What are the prime factors of 305?
5, 61
What are the prime factors of 259?
7, 37
List the prime factors of 1361.
1361
What are the prime factors of 5980?
2, 5, 13, 23
What are the prime factors of 805?
5, 7, 23
What are the prime factors of 459?
3, 17
What are the prime factors of 364?
2, 7, 13
List the prime factors of 1039.
1039
List the prime factors of 32001.
3, 10667
What are the prime factors of 4196?
2, 1049
List the prime factors of 4568.
2, 571
List the prime factors of 7060.
2, 5, 353
List the prime factors of 4119.
3, 1373
List the prime factors of 22069.
29, 761
What are the prime factors of 2012?
2, 503
List the prime factors of 8289.
3, 307
List the prime factors of 73767.
3, 67, 367
List the prime factors of 657.
3, 73
List the prime factors of 1513.
17, 89
List the prime factors of 4003.
4003
What are the prime factors of 1134?
2, 3, 7
What are the prime factors of 4750?
2, 5, 19
What are the prime factors of 82355?
5, 7, 13, 181
What are the prime factors of 1721?
1721
What are the prime factors of 21788?
2, 13, 419
List the prime factors of 6174.
2, 3, 7
What are the prime factors of 1447?
1447
List the prime factors of 16632.
2, 3, 7, 11
List the prime factors of 22152.
2, 3, 13, 71
List the prime factors of 107604.
2, 3, 7, 61
List the prime factors of 5156.
2, 1289
What are the prime factors of 40893?
3, 43, 317
List the prime factors of 12380.
2, 5, 619
List the prime factors of 214.
2, 107
What are the prime factors of 42366?
2, 3, 23, 307
List the prime factors of 26684.
2, 7, 953
List the prime factors of 74164.
2, 18541
What are the prime factors of 2687?
2687
What are the prime factors of 8598?
2, 3, 1433
What are the prime factors of 31643?
31643
What are the prime factors of 512?
2
What are the prime factors of 2084?
2, 521
What are the prime factors of 79794?
2, 3, 11, 13, 31
What are the prime factors of 58923?
3, 6547
List the prime factors of 2497.
11, 227
What are the prime factors of 25784?
2, 11, 293
What are the prime factors of 1205?
5, 241
What are the prime factors of 2191?
7, 313
List the prime factors of 449.
449
List the prime factors of 26946.
2, 3, 499
List the prime factors of 27852.
2, 3, 11, 211
List the prime factors of 6211.
6211
What are the prime factors of 27924?
2, 3, 13, 179
List the prime factors of 1836.
2, 3, 17
List the prime factors of 287.
7, 41
List the prime factors of 11279.
11279
List the prime factors of 2982.
2, 3, 7, 71
List the prime factors of 3210.
2, 3, 5, 107
List the prime factors of 9575.
5, 383
List the prime factors of 33412.
2, 8353
List the prime factors of 3738.
2, 3, 7, 89
List the prime factors of 722.
2, 19
List the prime factors of 652.
2, 163
What are the prime factors of 1494?
2, 3, 83
What are the prime factors of 55582?
2, 27791
What are the prime factors of 12113?
12113
List the prime factors of 9069.
3, 3023
List the prime factors of 4317.
3, 1439
What are the prime factors of 11245?
5, 13, 173
What are the prime factors of 555?
3, 5, 37
What are the prime factors of 12609?
3, 467
What are the prime factors of 16767?
3, 23
What are the prime factors of 68465?
5, 13693
What are the prime factors of 6878?
2, 19, 181
List the prime factors of 55.
5, 11
List the prime factors of 56124.
2, 3, 1559
What are the prime factors of 1007?
19, 53
What are the prime factors of 2935?
5, 587
What are the prime factors of 2692?
2, 673
List the prime factors of 757.
757
What are the prime factors of 7936?
2, 31
List the prime factors of 1294.
2, 647
List the prime factors 